{"id":563,"date":"2021-12-13T04:15:18","date_gmt":"2021-12-13T04:15:18","guid":{"rendered":"https:\/\/blockart-agency.sites.qsandbox.com\/?page_id=563"},"modified":"2026-04-21T16:00:34","modified_gmt":"2026-04-21T16:00:34","slug":"about-2","status":"publish","type":"page","link":"https:\/\/lueckl-bau.at\/?page_id=563","title":{"rendered":""},"content":{"rendered":"\n<div class=\"blockart-section blockart-section-1b61e535\"><div class=\"blockart-container\"><div class=\"blockart-section-inner\">\n<div class=\"blockart-column blockart-column-b003808d\"><div class=\"blockart-column-inner\">\n<h2 class=\"blockart-heading blockart-heading-3adf4641\">UNSER TEAM<\/h2>\n<\/div><\/div>\n<\/div><\/div><\/div>\n\n\n\n<div class=\"blockart-spacing blockart-spacing-95571514\"><div class=\"blockart-spacing-inner\"><\/div><\/div>\n\n\n\n<div class=\"blockart-section blockart-section-1313e6f0\"><div class=\"blockart-container\"><div class=\"blockart-section-inner\">\n<div class=\"blockart-column blockart-column-10a6bf15\"><div class=\"blockart-column-inner\">\n<figure class=\"blockart-image blockart-image-a005bad6\"><img loading=\"lazy\" decoding=\"async\" class=\"wp-image-153 hover-effect-static filter-none mask mask-none\" src=\"https:\/\/lueckl-bau.at\/wp-content\/uploads\/2023\/02\/IMG_0827-scaled-e1676998471884.jpg\" alt=\"\" height=\"1701\" width=\"1702\" srcset=\"https:\/\/lueckl-bau.at\/wp-content\/uploads\/2023\/02\/IMG_0827-scaled-e1676998471884.jpg 1702w, https:\/\/lueckl-bau.at\/wp-content\/uploads\/2023\/02\/IMG_0827-scaled-e1676998471884-300x300.jpg 300w, https:\/\/lueckl-bau.at\/wp-content\/uploads\/2023\/02\/IMG_0827-scaled-e1676998471884-1024x1024.jpg 1024w, https:\/\/lueckl-bau.at\/wp-content\/uploads\/2023\/02\/IMG_0827-scaled-e1676998471884-150x150.jpg 150w, https:\/\/lueckl-bau.at\/wp-content\/uploads\/2023\/02\/IMG_0827-scaled-e1676998471884-768x768.jpg 768w, https:\/\/lueckl-bau.at\/wp-content\/uploads\/2023\/02\/IMG_0827-scaled-e1676998471884-1536x1536.jpg 1536w\" sizes=\"auto, (max-width: 1702px) 100vw, 1702px\" \/><\/figure>\n\n\n\n<h3 class=\"blockart-heading blockart-heading-aa983406\">BM DI Martin L\u00fcckl<\/h3>\n\n\n\n<p class=\"blockart-paragraph blockart-paragraph-33c97f5e\">KAUFM\u00c4NNISCHER GESCH\u00c4FTSF\u00dcHRER<br>\u00d6BA, Planung<\/p>\n\n\n<\/div><\/div>\n\n\n\n<div class=\"blockart-column blockart-column-942b3454\"><div class=\"blockart-column-inner\">\n<figure class=\"blockart-image blockart-image-8bfb9c00\"><img loading=\"lazy\" decoding=\"async\" width=\"1702\" height=\"1702\" class=\"wp-image-2006 hover-effect-static filter-none mask mask-none\" src=\"https:\/\/lueckl-bau.at\/wp-content\/uploads\/2025\/02\/Unbenannt2.jpg\" alt=\"\" srcset=\"https:\/\/lueckl-bau.at\/wp-content\/uploads\/2025\/02\/Unbenannt2.jpg 1702w, https:\/\/lueckl-bau.at\/wp-content\/uploads\/2025\/02\/Unbenannt2-300x300.jpg 300w, https:\/\/lueckl-bau.at\/wp-content\/uploads\/2025\/02\/Unbenannt2-1024x1024.jpg 1024w, https:\/\/lueckl-bau.at\/wp-content\/uploads\/2025\/02\/Unbenannt2-150x150.jpg 150w, https:\/\/lueckl-bau.at\/wp-content\/uploads\/2025\/02\/Unbenannt2-768x768.jpg 768w, https:\/\/lueckl-bau.at\/wp-content\/uploads\/2025\/02\/Unbenannt2-1536x1536.jpg 1536w\" sizes=\"auto, (max-width: 1702px) 100vw, 1702px\" \/><\/figure>\n\n\n\n<h3 class=\"blockart-heading blockart-heading-3fd5c840\">BM DI Julian H\u00fctter<\/h3>\n\n\n\n<p class=\"blockart-paragraph blockart-paragraph-800077d1\">GEWERBlicher GESCH\u00c4FTSF\u00dcHRER<br>\u00d6BA<\/p>\n\n\n<\/div><\/div>\n\n\n\n<div class=\"blockart-column blockart-column-74798cb5\"><div class=\"blockart-column-inner\">\n<figure class=\"blockart-image blockart-image-7a8e6427\"><img loading=\"lazy\" decoding=\"async\" class=\"wp-image-152 hover-effect-static filter-none mask mask-none\" src=\"https:\/\/lueckl-bau.at\/wp-content\/uploads\/2023\/02\/IMG_0831-scaled-e1677063777424.jpg\" alt=\"\" height=\"1702\" width=\"1702\" srcset=\"https:\/\/lueckl-bau.at\/wp-content\/uploads\/2023\/02\/IMG_0831-scaled-e1677063777424.jpg 1702w, https:\/\/lueckl-bau.at\/wp-content\/uploads\/2023\/02\/IMG_0831-scaled-e1677063777424-300x300.jpg 300w, https:\/\/lueckl-bau.at\/wp-content\/uploads\/2023\/02\/IMG_0831-scaled-e1677063777424-1024x1024.jpg 1024w, https:\/\/lueckl-bau.at\/wp-content\/uploads\/2023\/02\/IMG_0831-scaled-e1677063777424-150x150.jpg 150w, https:\/\/lueckl-bau.at\/wp-content\/uploads\/2023\/02\/IMG_0831-scaled-e1677063777424-768x768.jpg 768w, https:\/\/lueckl-bau.at\/wp-content\/uploads\/2023\/02\/IMG_0831-scaled-e1677063777424-1536x1536.jpg 1536w, https:\/\/lueckl-bau.at\/wp-content\/uploads\/2023\/02\/IMG_0831-scaled-e1677063777424-600x600.jpg 600w, https:\/\/lueckl-bau.at\/wp-content\/uploads\/2023\/02\/IMG_0831-scaled-e1677063777424-100x100.jpg 100w\" sizes=\"auto, (max-width: 1702px) 100vw, 1702px\" \/><\/figure>\n\n\n\n<h3 class=\"blockart-heading blockart-heading-a6862ddf\">DI Christopher Malis<\/h3>\n\n\n\n<p class=\"blockart-paragraph blockart-paragraph-3e33e1e7\">K\u00dcNSTLERISCHE LEITUNG<br>\u00d6BA, Planung<\/p>\n\n\n<\/div><\/div>\n\n\n\n<div class=\"blockart-column blockart-column-991e45e7\"><div class=\"blockart-column-inner\">\n<figure class=\"blockart-image blockart-image-7db7d46c\"><img loading=\"lazy\" decoding=\"async\" class=\"wp-image-2006 hover-effect-static filter-none mask mask-none\" src=\"https:\/\/lueckl-bau.at\/wp-content\/uploads\/2025\/02\/Unbenannt2.jpg\" alt=\"\" height=\"1702\" width=\"1702\" srcset=\"https:\/\/lueckl-bau.at\/wp-content\/uploads\/2025\/02\/Unbenannt2.jpg 1702w, https:\/\/lueckl-bau.at\/wp-content\/uploads\/2025\/02\/Unbenannt2-300x300.jpg 300w, https:\/\/lueckl-bau.at\/wp-content\/uploads\/2025\/02\/Unbenannt2-1024x1024.jpg 1024w, https:\/\/lueckl-bau.at\/wp-content\/uploads\/2025\/02\/Unbenannt2-150x150.jpg 150w, https:\/\/lueckl-bau.at\/wp-content\/uploads\/2025\/02\/Unbenannt2-768x768.jpg 768w, https:\/\/lueckl-bau.at\/wp-content\/uploads\/2025\/02\/Unbenannt2-1536x1536.jpg 1536w\" sizes=\"auto, (max-width: 1702px) 100vw, 1702px\" \/><\/figure>\n\n\n\n<h3 class=\"blockart-heading blockart-heading-3be7477d\">Amalia Grigorie<\/h3>\n\n\n\n<p class=\"blockart-paragraph blockart-paragraph-e9e74810\">Bautechnik, Planung<\/p>\n\n\n<\/div><\/div>\n\n\n\n<div class=\"blockart-column blockart-column-dcd932e4\"><div class=\"blockart-column-inner\">\n<figure class=\"blockart-image blockart-image-31e68279\"><img loading=\"lazy\" decoding=\"async\" class=\"wp-image-2006 hover-effect-static filter-none mask mask-none\" src=\"https:\/\/lueckl-bau.at\/wp-content\/uploads\/2025\/02\/Unbenannt2.jpg\" alt=\"\" height=\"1702\" width=\"1702\" srcset=\"https:\/\/lueckl-bau.at\/wp-content\/uploads\/2025\/02\/Unbenannt2.jpg 1702w, https:\/\/lueckl-bau.at\/wp-content\/uploads\/2025\/02\/Unbenannt2-300x300.jpg 300w, https:\/\/lueckl-bau.at\/wp-content\/uploads\/2025\/02\/Unbenannt2-1024x1024.jpg 1024w, https:\/\/lueckl-bau.at\/wp-content\/uploads\/2025\/02\/Unbenannt2-150x150.jpg 150w, https:\/\/lueckl-bau.at\/wp-content\/uploads\/2025\/02\/Unbenannt2-768x768.jpg 768w, https:\/\/lueckl-bau.at\/wp-content\/uploads\/2025\/02\/Unbenannt2-1536x1536.jpg 1536w\" sizes=\"auto, (max-width: 1702px) 100vw, 1702px\" \/><\/figure>\n\n\n\n<h3 class=\"blockart-heading blockart-heading-adc8d9ef\">Patrycja Werstak<\/h3>\n\n\n\n<p class=\"blockart-paragraph blockart-paragraph-7189de67\">Bautechnik, Planung<\/p>\n\n\n<\/div><\/div>\n\n\n\n<div class=\"blockart-column blockart-column-7ecb5d35\"><div class=\"blockart-column-inner\">\n<figure class=\"blockart-image blockart-image-dfc8095d\"><img loading=\"lazy\" decoding=\"async\" class=\"wp-image-2006 hover-effect-static filter-none mask mask-none\" src=\"https:\/\/lueckl-bau.at\/wp-content\/uploads\/2025\/02\/Unbenannt2.jpg\" alt=\"\" height=\"1702\" width=\"1702\" srcset=\"https:\/\/lueckl-bau.at\/wp-content\/uploads\/2025\/02\/Unbenannt2.jpg 1702w, https:\/\/lueckl-bau.at\/wp-content\/uploads\/2025\/02\/Unbenannt2-300x300.jpg 300w, https:\/\/lueckl-bau.at\/wp-content\/uploads\/2025\/02\/Unbenannt2-1024x1024.jpg 1024w, https:\/\/lueckl-bau.at\/wp-content\/uploads\/2025\/02\/Unbenannt2-150x150.jpg 150w, https:\/\/lueckl-bau.at\/wp-content\/uploads\/2025\/02\/Unbenannt2-768x768.jpg 768w, https:\/\/lueckl-bau.at\/wp-content\/uploads\/2025\/02\/Unbenannt2-1536x1536.jpg 1536w\" sizes=\"auto, (max-width: 1702px) 100vw, 1702px\" \/><\/figure>\n\n\n\n<h3 class=\"blockart-heading blockart-heading-c13ad815\">Christina P\u00f6lzl, BEd.<\/h3>\n\n\n\n<p class=\"blockart-paragraph blockart-paragraph-07a76ac5\">ASSISTENZ DER GESCH\u00c4FTSF\u00dcHRUNG<\/p>\n\n\n<\/div><\/div>\n\n\n\n<div class=\"blockart-column blockart-column-db331e26\"><div class=\"blockart-column-inner\">\n<figure class=\"blockart-image blockart-image-2d7e2225\"><img loading=\"lazy\" decoding=\"async\" class=\"wp-image-2006 hover-effect-static filter-none mask mask-none\" src=\"https:\/\/lueckl-bau.at\/wp-content\/uploads\/2025\/02\/Unbenannt2.jpg\" alt=\"\" height=\"1702\" width=\"1702\" srcset=\"https:\/\/lueckl-bau.at\/wp-content\/uploads\/2025\/02\/Unbenannt2.jpg 1702w, https:\/\/lueckl-bau.at\/wp-content\/uploads\/2025\/02\/Unbenannt2-300x300.jpg 300w, https:\/\/lueckl-bau.at\/wp-content\/uploads\/2025\/02\/Unbenannt2-1024x1024.jpg 1024w, https:\/\/lueckl-bau.at\/wp-content\/uploads\/2025\/02\/Unbenannt2-150x150.jpg 150w, https:\/\/lueckl-bau.at\/wp-content\/uploads\/2025\/02\/Unbenannt2-768x768.jpg 768w, https:\/\/lueckl-bau.at\/wp-content\/uploads\/2025\/02\/Unbenannt2-1536x1536.jpg 1536w\" sizes=\"auto, (max-width: 1702px) 100vw, 1702px\" \/><\/figure>\n\n\n\n<h3 class=\"blockart-heading blockart-heading-7af5991a\">Melanie Kraus<\/h3>\n\n\n\n<p class=\"blockart-paragraph blockart-paragraph-47549326\">B\u00dcROGEHILFIN<\/p>\n\n\n<\/div><\/div>\n\n\n\n<div class=\"blockart-column blockart-column-3fc279a6\"><div class=\"blockart-column-inner\">\n<figure class=\"blockart-image blockart-image-df337369\"><img loading=\"lazy\" decoding=\"async\" class=\"wp-image-1227 hover-effect-static filter-none mask mask-none\" src=\"https:\/\/lueckl-bau.at\/wp-content\/uploads\/2023\/02\/Oster-Johann-e1677066641709.jpg\" alt=\"\" height=\"399\" width=\"399\" srcset=\"https:\/\/lueckl-bau.at\/wp-content\/uploads\/2023\/02\/Oster-Johann-e1677066641709.jpg 399w, https:\/\/lueckl-bau.at\/wp-content\/uploads\/2023\/02\/Oster-Johann-e1677066641709-300x300.jpg 300w, https:\/\/lueckl-bau.at\/wp-content\/uploads\/2023\/02\/Oster-Johann-e1677066641709-150x150.jpg 150w, https:\/\/lueckl-bau.at\/wp-content\/uploads\/2023\/02\/Oster-Johann-e1677066641709-100x100.jpg 100w\" sizes=\"auto, (max-width: 399px) 100vw, 399px\" \/><\/figure>\n\n\n\n<h3 class=\"blockart-heading blockart-heading-4be1eb37\">Arch. BM DI Johann Oster, MSc.<\/h3>\n\n\n\n<p class=\"blockart-paragraph blockart-paragraph-61e4fa0f\">EXTERNER BERATER<br>BAUMEISTER, ARCHITEKT<\/p>\n\n\n<\/div><\/div>\n<\/div><\/div><\/div>\n\n\n\n<p><\/p>\n\n\n\n\n\n<p><\/p>\n","protected":false},"excerpt":{"rendered":"","protected":false},"author":1,"featured_media":0,"parent":0,"menu_order":0,"comment_status":"closed","ping_status":"open","template":"","meta":{"_uag_custom_page_level_css":"","neve_meta_sidebar":"","neve_meta_container":"","neve_meta_enable_content_width":"","neve_meta_content_width":0,"neve_meta_title_alignment":"","neve_meta_author_avatar":"","neve_post_elements_order":"","neve_meta_disable_header":"","neve_meta_disable_footer":"","neve_meta_disable_title":"","footnotes":""},"class_list":["post-563","page","type-page","status-publish","hentry"],"uagb_featured_image_src":{"full":false,"thumbnail":false,"medium":false,"medium_large":false,"large":false,"1536x1536":false,"2048x2048":false,"neve-blog":false},"uagb_author_info":{"display_name":"martin.lueckl","author_link":"https:\/\/lueckl-bau.at\/?author=1"},"uagb_comment_info":0,"uagb_excerpt":null,"_links":{"self":[{"href":"https:\/\/lueckl-bau.at\/index.php?rest_route=\/wp\/v2\/pages\/563","targetHints":{"allow":["GET"]}}],"collection":[{"href":"https:\/\/lueckl-bau.at\/index.php?rest_route=\/wp\/v2\/pages"}],"about":[{"href":"https:\/\/lueckl-bau.at\/index.php?rest_route=\/wp\/v2\/types\/page"}],"author":[{"embeddable":true,"href":"https:\/\/lueckl-bau.at\/index.php?rest_route=\/wp\/v2\/users\/1"}],"replies":[{"embeddable":true,"href":"https:\/\/lueckl-bau.at\/index.php?rest_route=%2Fwp%2Fv2%2Fcomments&post=563"}],"version-history":[{"count":35,"href":"https:\/\/lueckl-bau.at\/index.php?rest_route=\/wp\/v2\/pages\/563\/revisions"}],"predecessor-version":[{"id":2050,"href":"https:\/\/lueckl-bau.at\/index.php?rest_route=\/wp\/v2\/pages\/563\/revisions\/2050"}],"wp:attachment":[{"href":"https:\/\/lueckl-bau.at\/index.php?rest_route=%2Fwp%2Fv2%2Fmedia&parent=563"}],"curies":[{"name":"wp","href":"https:\/\/api.w.org\/{rel}","templated":true}]}}

<div class="blockart-section blockart-section-1b61e535"><div class="blockart-container"><div class="blockart-section-inner">
<div class="blockart-column blockart-column-b003808d"><div class="blockart-column-inner">
<h2 class="blockart-heading blockart-heading-3adf4641">UNSER TEAM</h2>
</div></div>
</div></div></div>



<div class="blockart-spacing blockart-spacing-95571514"><div class="blockart-spacing-inner"></div></div>



<div class="blockart-section blockart-section-1313e6f0"><div class="blockart-container"><div class="blockart-section-inner">
<div class="blockart-column blockart-column-10a6bf15"><div class="blockart-column-inner">
<figure class="blockart-image blockart-image-a005bad6"><img loading="lazy" decoding="async" class="wp-image-153 hover-effect-static filter-none mask mask-none" src="https://lueckl-bau.at/wp-content/uploads/2023/02/IMG_0827-scaled-e1676998471884.jpg" alt="" height="1701" width="1702" srcset="https://lueckl-bau.at/wp-content/uploads/2023/02/IMG_0827-scaled-e1676998471884.jpg 1702w, https://lueckl-bau.at/wp-content/uploads/2023/02/IMG_0827-scaled-e1676998471884-300x300.jpg 300w, https://lueckl-bau.at/wp-content/uploads/2023/02/IMG_0827-scaled-e1676998471884-1024x1024.jpg 1024w, https://lueckl-bau.at/wp-content/uploads/2023/02/IMG_0827-scaled-e1676998471884-150x150.jpg 150w, https://lueckl-bau.at/wp-content/uploads/2023/02/IMG_0827-scaled-e1676998471884-768x768.jpg 768w, https://lueckl-bau.at/wp-content/uploads/2023/02/IMG_0827-scaled-e1676998471884-1536x1536.jpg 1536w" sizes="auto, (max-width: 1702px) 100vw, 1702px" /></figure>



<h3 class="blockart-heading blockart-heading-aa983406">BM DI Martin Lückl</h3>



<p class="blockart-paragraph blockart-paragraph-33c97f5e">KAUFMÄNNISCHER GESCHÄFTSFÜHRER<br>ÖBA, Planung</p>


</div></div>



<div class="blockart-column blockart-column-942b3454"><div class="blockart-column-inner">
<figure class="blockart-image blockart-image-8bfb9c00"><img loading="lazy" decoding="async" width="1702" height="1702" class="wp-image-2006 hover-effect-static filter-none mask mask-none" src="https://lueckl-bau.at/wp-content/uploads/2025/02/Unbenannt2.jpg" alt="" srcset="https://lueckl-bau.at/wp-content/uploads/2025/02/Unbenannt2.jpg 1702w, https://lueckl-bau.at/wp-content/uploads/2025/02/Unbenannt2-300x300.jpg 300w, https://lueckl-bau.at/wp-content/uploads/2025/02/Unbenannt2-1024x1024.jpg 1024w, https://lueckl-bau.at/wp-content/uploads/2025/02/Unbenannt2-150x150.jpg 150w, https://lueckl-bau.at/wp-content/uploads/2025/02/Unbenannt2-768x768.jpg 768w, https://lueckl-bau.at/wp-content/uploads/2025/02/Unbenannt2-1536x1536.jpg 1536w" sizes="auto, (max-width: 1702px) 100vw, 1702px" /></figure>



<h3 class="blockart-heading blockart-heading-3fd5c840">BM DI Julian Hütter</h3>



<p class="blockart-paragraph blockart-paragraph-800077d1">GEWERBlicher GESCHÄFTSFÜHRER<br>ÖBA</p>


</div></div>



<div class="blockart-column blockart-column-74798cb5"><div class="blockart-column-inner">
<figure class="blockart-image blockart-image-7a8e6427"><img loading="lazy" decoding="async" class="wp-image-152 hover-effect-static filter-none mask mask-none" src="https://lueckl-bau.at/wp-content/uploads/2023/02/IMG_0831-scaled-e1677063777424.jpg" alt="" height="1702" width="1702" srcset="https://lueckl-bau.at/wp-content/uploads/2023/02/IMG_0831-scaled-e1677063777424.jpg 1702w, https://lueckl-bau.at/wp-content/uploads/2023/02/IMG_0831-scaled-e1677063777424-300x300.jpg 300w, https://lueckl-bau.at/wp-content/uploads/2023/02/IMG_0831-scaled-e1677063777424-1024x1024.jpg 1024w, https://lueckl-bau.at/wp-content/uploads/2023/02/IMG_0831-scaled-e1677063777424-150x150.jpg 150w, https://lueckl-bau.at/wp-content/uploads/2023/02/IMG_0831-scaled-e1677063777424-768x768.jpg 768w, https://lueckl-bau.at/wp-content/uploads/2023/02/IMG_0831-scaled-e1677063777424-1536x1536.jpg 1536w, https://lueckl-bau.at/wp-content/uploads/2023/02/IMG_0831-scaled-e1677063777424-600x600.jpg 600w, https://lueckl-bau.at/wp-content/uploads/2023/02/IMG_0831-scaled-e1677063777424-100x100.jpg 100w" sizes="auto, (max-width: 1702px) 100vw, 1702px" /></figure>



<h3 class="blockart-heading blockart-heading-a6862ddf">DI Christopher Malis</h3>



<p class="blockart-paragraph blockart-paragraph-3e33e1e7">KÜNSTLERISCHE LEITUNG<br>ÖBA, Planung</p>


</div></div>



<div class="blockart-column blockart-column-991e45e7"><div class="blockart-column-inner">
<figure class="blockart-image blockart-image-7db7d46c"><img loading="lazy" decoding="async" class="wp-image-2006 hover-effect-static filter-none mask mask-none" src="https://lueckl-bau.at/wp-content/uploads/2025/02/Unbenannt2.jpg" alt="" height="1702" width="1702" srcset="https://lueckl-bau.at/wp-content/uploads/2025/02/Unbenannt2.jpg 1702w, https://lueckl-bau.at/wp-content/uploads/2025/02/Unbenannt2-300x300.jpg 300w, https://lueckl-bau.at/wp-content/uploads/2025/02/Unbenannt2-1024x1024.jpg 1024w, https://lueckl-bau.at/wp-content/uploads/2025/02/Unbenannt2-150x150.jpg 150w, https://lueckl-bau.at/wp-content/uploads/2025/02/Unbenannt2-768x768.jpg 768w, https://lueckl-bau.at/wp-content/uploads/2025/02/Unbenannt2-1536x1536.jpg 1536w" sizes="auto, (max-width: 1702px) 100vw, 1702px" /></figure>



<h3 class="blockart-heading blockart-heading-3be7477d">Amalia Grigorie</h3>



<p class="blockart-paragraph blockart-paragraph-e9e74810">Bautechnik, Planung</p>


</div></div>



<div class="blockart-column blockart-column-dcd932e4"><div class="blockart-column-inner">
<figure class="blockart-image blockart-image-31e68279"><img loading="lazy" decoding="async" class="wp-image-2006 hover-effect-static filter-none mask mask-none" src="https://lueckl-bau.at/wp-content/uploads/2025/02/Unbenannt2.jpg" alt="" height="1702" width="1702" srcset="https://lueckl-bau.at/wp-content/uploads/2025/02/Unbenannt2.jpg 1702w, https://lueckl-bau.at/wp-content/uploads/2025/02/Unbenannt2-300x300.jpg 300w, https://lueckl-bau.at/wp-content/uploads/2025/02/Unbenannt2-1024x1024.jpg 1024w, https://lueckl-bau.at/wp-content/uploads/2025/02/Unbenannt2-150x150.jpg 150w, https://lueckl-bau.at/wp-content/uploads/2025/02/Unbenannt2-768x768.jpg 768w, https://lueckl-bau.at/wp-content/uploads/2025/02/Unbenannt2-1536x1536.jpg 1536w" sizes="auto, (max-width: 1702px) 100vw, 1702px" /></figure>



<h3 class="blockart-heading blockart-heading-adc8d9ef">Patrycja Werstak</h3>



<p class="blockart-paragraph blockart-paragraph-7189de67">Bautechnik, Planung</p>


</div></div>



<div class="blockart-column blockart-column-7ecb5d35"><div class="blockart-column-inner">
<figure class="blockart-image blockart-image-dfc8095d"><img loading="lazy" decoding="async" class="wp-image-2006 hover-effect-static filter-none mask mask-none" src="https://lueckl-bau.at/wp-content/uploads/2025/02/Unbenannt2.jpg" alt="" height="1702" width="1702" srcset="https://lueckl-bau.at/wp-content/uploads/2025/02/Unbenannt2.jpg 1702w, https://lueckl-bau.at/wp-content/uploads/2025/02/Unbenannt2-300x300.jpg 300w, https://lueckl-bau.at/wp-content/uploads/2025/02/Unbenannt2-1024x1024.jpg 1024w, https://lueckl-bau.at/wp-content/uploads/2025/02/Unbenannt2-150x150.jpg 150w, https://lueckl-bau.at/wp-content/uploads/2025/02/Unbenannt2-768x768.jpg 768w, https://lueckl-bau.at/wp-content/uploads/2025/02/Unbenannt2-1536x1536.jpg 1536w" sizes="auto, (max-width: 1702px) 100vw, 1702px" /></figure>



<h3 class="blockart-heading blockart-heading-c13ad815">Christina Pölzl, BEd.</h3>



<p class="blockart-paragraph blockart-paragraph-07a76ac5">ASSISTENZ DER GESCHÄFTSFÜHRUNG</p>


</div></div>



<div class="blockart-column blockart-column-db331e26"><div class="blockart-column-inner">
<figure class="blockart-image blockart-image-2d7e2225"><img loading="lazy" decoding="async" class="wp-image-2006 hover-effect-static filter-none mask mask-none" src="https://lueckl-bau.at/wp-content/uploads/2025/02/Unbenannt2.jpg" alt="" height="1702" width="1702" srcset="https://lueckl-bau.at/wp-content/uploads/2025/02/Unbenannt2.jpg 1702w, https://lueckl-bau.at/wp-content/uploads/2025/02/Unbenannt2-300x300.jpg 300w, https://lueckl-bau.at/wp-content/uploads/2025/02/Unbenannt2-1024x1024.jpg 1024w, https://lueckl-bau.at/wp-content/uploads/2025/02/Unbenannt2-150x150.jpg 150w, https://lueckl-bau.at/wp-content/uploads/2025/02/Unbenannt2-768x768.jpg 768w, https://lueckl-bau.at/wp-content/uploads/2025/02/Unbenannt2-1536x1536.jpg 1536w" sizes="auto, (max-width: 1702px) 100vw, 1702px" /></figure>



<h3 class="blockart-heading blockart-heading-7af5991a">Melanie Kraus</h3>



<p class="blockart-paragraph blockart-paragraph-47549326">BÜROGEHILFIN</p>


</div></div>



<div class="blockart-column blockart-column-3fc279a6"><div class="blockart-column-inner">
<figure class="blockart-image blockart-image-df337369"><img loading="lazy" decoding="async" class="wp-image-1227 hover-effect-static filter-none mask mask-none" src="https://lueckl-bau.at/wp-content/uploads/2023/02/Oster-Johann-e1677066641709.jpg" alt="" height="399" width="399" srcset="https://lueckl-bau.at/wp-content/uploads/2023/02/Oster-Johann-e1677066641709.jpg 399w, https://lueckl-bau.at/wp-content/uploads/2023/02/Oster-Johann-e1677066641709-300x300.jpg 300w, https://lueckl-bau.at/wp-content/uploads/2023/02/Oster-Johann-e1677066641709-150x150.jpg 150w, https://lueckl-bau.at/wp-content/uploads/2023/02/Oster-Johann-e1677066641709-100x100.jpg 100w" sizes="auto, (max-width: 399px) 100vw, 399px" /></figure>



<h3 class="blockart-heading blockart-heading-4be1eb37">Arch. BM DI Johann Oster, MSc.</h3>



<p class="blockart-paragraph blockart-paragraph-61e4fa0f">EXTERNER BERATER<br>BAUMEISTER, ARCHITEKT</p>


</div></div>
</div></div></div>



<p></p>





<p></p>
